/2*(-45 + -1)?
20
Let o = 79 + -44. Let k = o - 21. Suppose 11*i - 3*m = 8*i + 528, 3*m + 888 = 5*i. Calculate the remainder when i is divided by k.
12
What is the remainder when (-2246)/(-6) - (-10)/6 is divided by 160?
56
Let m(c) = 7*c - 44. Let q be m(11). Suppose 6*a + q = 987. Calculate the remainder when a is divided by 10.
9
Calculate the remainder when (6/18)/((-9)/(-63))*339 is divided by 30.
11
Let u be -1*(1 - (12/(-3))/(-2)). Let z be (0 + 115)/((-3 - u) + 3). Calculate the remainder when 181 is divided by z/(-9) - (-1)/9*2.
12
Let y(p) be the first derivative of -p**3/3 + 7*p**2 - 35*p - 14. What is the remainder when 22 is divided by y(10)?
2
Calculate the remainder when (-483)/(-9)*(-11 + 6 + 14) is divided by 38.
27
Let u(i) = -63*i + 7. Let y = 5 + -2. Suppose 52 = y*k + 13. Calculate the remainder when k is divided by u(0).
6
Let h(i) = 15*i**2 - 3*i - 5. Suppose 5*s = -5*d + 40, 4 = -2*s - 5*d + 14. Suppose 0 = s*c - 1 - 349. Calculate the remainder when h(-3) is divided by c.
34
Let a(j) = -j**2 + 31*j + 1096. What is the remainder when a(51) is divided by 6?
4
Let x(s) = -8*s - 21. Let r(z) = 13*z + 64 + 49*z - 39*z. Let g(a) = 6*r(a) + 17*x(a). What is the remainder when 60 is divided by g(-9)?
6
Let f(i) = i**3 - 6*i**2 - 10*i + 9. Let s be f(8). Let v = -26 + s. Suppose 0*q - 83 = -3*q - j, 3*j = q - v. What is the remainder when q is divided by 6?
4
Suppose 0 = -3*m + m. Suppose m*j - 267 = -4*j + q, 5*q = 5. Suppose -5*l + 86 = -x, l - 4*x - 7 = 14. What is the remainder when j is divided by l?
16
Suppose -c - 87 = 3*o, 6*o + 10 = 4*o. Let d = 77 + c. Suppose -2*s - 248 = -2*m - 4*s, -5*s = -d. Calculate the remainder when m is divided by 33.
24
Let a(q) = 24*q**2 - 68*q + 67. Calculate the remainder when 583 is divided by a(1).
8
Let y = -197 - -128. Let v = y + 102. What is the remainder when 60 is divided by v?
27
Suppose -m + 29*m - 64554 = -m. What is the remainder when m is divided by 1112?
2
Suppose 5*m - 5*b = 415, -15*b + 73 = m - 18*b. Suppose -84*o - 148 = -m*o. What is the remainder when 75 is divided by o?
1
Suppose -3*p + 315 = -3*m, -11*m - 2*p = -16*m - 513. Let r = -52 - m. What is the remainder when 143 is divided by r?
45
Let k(d) = -2*d**3 + 94*d**2 - 60*d - 58. Calculate the remainder when k(39) is divided by 18.
14
Let i(q) be the second derivative of q**5/20 - 5*q**4/6 + q**3/3 - 2*q**2 - 2*q + 1. What is the remainder when 72 is divided by i(10)?
8
Suppose 3*a + 14 = -4. Let v(l) = -l**3 - l + 1. What is the remainder when v(a) is divided by 25?
23
Let a(p) = -144*p + 1. Calculate the remainder when a(-1) is divided by 2*(0 + -1) + (-98)/((-3822)/1521).
34
Suppose -3*b + 11055 = -3*m, 1090 = -m + 1093. Calculate the remainder when b is divided by 1.
0
Suppose 9*s + 1800 = 15*s. Suppose 59*m = 49*m + s. What is the remainder when 178 is divided by m?
28
Calculate the remainder when ((-56758)/111)/(4/(-6)) is divided by 36.
11
Let c(w) = 15*w - 7. Suppose -10*r + 6*r + 20 = 0. Suppose 0 = -r*t + 193 - 48. What is the remainder when c(8) is divided by t?
26
What is the remainder when ((-11)/(-132)*16)/((-2)/(-573)) is divided by 93?
10
Let o be 2 - ((-731)/5 + 52/(-65)). Let t = o - 64. Calculate the remainder when t is divided by 43.
42
Suppose 81 = 4*m + 61. Suppose 17*s = 12*s. Suppose -5*z + 2*z = -2*t + 47, 2*t - 4*z - 50 = s. Calculate the remainder when t is divided by m.
4
Calculate the remainder when 2999 is divided by 77/154 + -2 + (-314)/(-4).
73
Suppose 3 = s - 5*v + 8, -3*v + 6 = 0. Suppose s*u = -l + 193, 0*u - 5*u + 181 = -3*l. What is the remainder when 453 is divided by u?
35
Suppose 4 = -v, 2*v + 24 = 4*s - v. Suppose s*l = l + 76. Let t = -1186 + 1200. What is the remainder when l is divided by t?
10
Let r(z) = z**2 + 8*z - 6. Let v(x) = 9*x**2 + 14*x + 87. Calculate the remainder when v(-5) is divided by r(-11).
26
Let v = -187 + 132. Let i = v - -30. Let y = i + 72. What is the remainder when y is divided by 10?
7
Suppose -18 = 2*d + 3*n - 1, 14 = -2*d - 2*n. Calculate the remainder when -6 - (-70 - 1 - d) is divided by 32.
29
Let f = 12500 + -7072. Calculate the remainder when f is divided by 14.
10
Calculate the remainder when 158 is divided by 88 - 2*-1 - (-197 + 208).
0
Suppose 3*u + 4*r - 40 = 0, 0 = -2*r + 2 + 6. What is the remainder when 78/6 + u/(-2) is divided by (6 - 8)*1*-1?
1
Suppose -47*l + 3225 = -535. What is the remainder when 265 is divided by l?
25
Let u = -9 - -26. Suppose 1831 = -7*y + 1880. What is the remainder when u is divided by y?
3
Let u(q) = -9*q - 7 + 12*q - 27. Let x(n) = 3*n - 2. What is the remainder when x(3) is divided by u(13)?
2
Let c(u) = 8*u**3 + 175*u**2 - 28*u - 42. Let b = -28 + 59. Calculate the remainder when c(-22) is divided by b.
28
Suppose -90463 - 55567 = -85*b. Calculate the remainder when b is divided by 20.
18
Suppose -5*l + 5 = -10*l. Let u(k) = -17*k**2 - 19. Let f(w) = -33*w**2 - w - 34. Let q(r) = -4*f(r) + 7*u(r). What is the remainder when 35 is divided by q(l)?
11
Let n = -10 + 150. What is the remainder when n is divided by (-11118)/(-238) + ((-4)/(-7))/2?
46
Let z = -953 - -2147. Calculate the remainder when z is divided by 20.
14
Suppose 5*a - 675 - 1097 = c, -2*a + 2*c = -712. What is the remainder when a is divided by 37?
21
Suppose -28*u + 2460 = 13*u. Suppose -85 = -0*y - 5*y. Suppose 5*k - 3*f = f + u, 0 = -2*k + 3*f + y. What is the remainder when k is divided by 3?
1
Suppose -3*q + 38 = -q. Calculate the remainder when 76 + -5 - (-139)/(-556)*4*-1 is divided by q.
15
Suppose -7*v - 952 = -11*v. Suppose v*b = 236*b + 100. What is the remainder when 547 is divided by b?
47
Suppose -4*g - g - o - 246 = 0, 0 = -g + o - 48. Let b = g + 51. Suppose b*m - 7*m + 25 = 0. Calculate the remainder when 19 is divided by m.
4
Let v = 38 + -34. Suppose l = -v*i - 3, -3*l = l + 5*i - 21. What is the remainder when 17 is divided by l?
8
Calculate the remainder when 467 is divided by (0 - -596)*(-420)/(-1680).
20
Let o = -2900 + 3336. What is the remainder when o is divided by 25?
11
Let q be 12*75/40*(-4)/2. Let w(a) = a**2 + 41*a - 179. What is the remainder when 7 is divided by w(q)?
0
Let y = 128 - 86. Suppose -1505 + 1268 = 40*g - 1117. Calculate the remainder when y is divided by g.
20
Suppose 252*g - 237*g - 180 = 0. Calculate the remainder when 8841 is divided by g.
9
Suppose 52*u + 116 = 2*o + 54*u, -5*o + 286 = 4*u. Calculate the remainder when 382 is divided by o.
4
Let l(k) = 2*k**2 + 43*k - 223. Suppose 4*x + 0 = -20, 5*t - 40 = -3*x. Calculate the remainder when l(5) is divided by t.
9
Let h(f) = 378*f**3 - 2*f**2 - 14*f + 16. Let p be h(1). Suppose -7*o = -14*o + p. Calculate the remainder when o is divided by 12.
6
Suppose 2*r - 4*v - 746 = 0, -48*r + 52*r + 3*v - 1492 = 0. Calculate the remainder when r is divided by 132.
109
Let i = 418 - 433. Calculate the remainder when 210 is divided by (-7 + (-55)/(-25))*i.
66
Let w(y) = -y**3 + 29*y**2 - 94*y + 21. Calculate the remainder when w(8) is divided by 33.
19
Let c(v) = 8*v**2 - 58*v + 137. What is the remainder when 872 is divided by c(3)?
32
Let z be -4 + 1 + (-43 - 0)/1. Calculate the remainder when 229 is divided by 69/z + 61/(-4)*-2.
26
Let f = 178 - 118. Let h(r) = r**3 - 14*r**2 + 13*r + 12. Let x be h(13). Suppose x*w - 248 = 4*w. Calculate the remainder when f is divided by w.
29
Let p(w) = 2*w - 29. Let b(d) = -d**2 + 4*d - 4. Let x be b(5). What is the remainder when p(19) is divided by (x/3)/((-6)/8)?
1
Suppose -385 = -4*n + l, 153*n - 4*l = 154*n - 109. Calculate the remainder when 2120 is divided by n.
83
Let z = -30 + 46. Suppose -14*k + z*k = 144. Calculate the remainder when k is divided by 19/(((-19)/(-38))/((-2)/(-4))).
15
Let a(c) = -7*c - 18*c + 22*c - 18*c - 37. Calculate the remainder when 79 is divided by a(-3).
1
Let d(j) = -13*j - 114. Let x = -2 - -5. Suppose -2*b = -0*b - x*r - 126, 2*b - 130 = 4*r. Calculate the remainder when b is divided by d(-11).
28
Suppose 0 = -3*p - 4*l - 4 + 18, -2 = 3*p - 4*l. Suppose p*u = x + 27, -x + 28 = 3*u - 15. What is the remainder when 22 is divided by u?
8
Suppose -51*j = -45*j - 18. Suppose -6 = j*u - 240. Let h(r) = -2*r + 6. Calculate the remainder when u is divided by h(-5).
14
Let d(u) =